u) = -u**2 - u + 2. Give z(f).
2
Let o(w) = -w**3 + 5*w**2 + 6*w + 4. Let i be o(6). Let y(x) = 2*x + 2. Let k(z) = -2*z - 2. Let t(a) = 4*k(a) + 5*y(a). Calculate t(i).
10
Let t(r) = -3*r - 4. Let p(d) = d**3 - 4*d**2 - 8*d + 12. Let j be p(5). Calculate t(j).
5
Let a(o) = -o**2 + 6*o. Suppose -3*s - 11 = 1. Let b(q) = 2*q - 2 - q**2 - 7*q + 3 + 0*q. Let n be b(s). Calculate a(n).
5
Suppose -5*v = -2*v - 9. Suppose -5*f - 3*z + 116 = 0, -2*f = 3*f - 2*z - 106. Suppose 0*y + 2*y + 11 = -v*x, -4*x + y - f = 0. Let m(s) = s + 12. Give m(x).
7
Let p(y) be the first derivative of y**2/2 + 2*y - 9. Suppose -2*u - 28 = -5*w, 4*w + 4*u = 3*w + 10. What is p(w)?
8
Let f(g) = -g**3 - 6*g**2 + 5*g - 8. Suppose 6*y = 20 - 62. Determine f(y).
6
Let v(m) = -7*m**3 + 5*m**2 - 7*m + 1. Let q(w) = -w**3 - w + 1. Let a(o) = 6*q(o) - v(o). Calculate a(4).
-7
Let l(m) be the first derivative of m**3/3 - 5*m**2/2 - 3*m - 1. Let t = -5 - -7. Let h be (t - 1)/((-1)/(-5)). What is l(h)?
-3
Let z(a) be the second derivative of a**4/12 - a**3/3 + 3*a**2/2 + 9*a. Let p be 2*((-14)/(-4) - 2). Calculate z(p).
6
Let k(w) = 7*w**3 - 5*w**2 - 7*w + 8. Let r(t) = 3*t**3 - 2*t**2 - 3*t + 4. Let h(q) = 2*k(q) - 5*r(q). Calculate h(3).
-28
Let t(k) = 4*k**2 - k**2 - 6 + k**2 + 2*k**2 + k**3. Let f be t(-6). Let w(x) = -x - 6. What is w(f)?
0
Let j be ((-5)/10)/((-2)/4). Suppose 0 = -4*v + j + 19. Let k(z) = -z**2 + 3*z + 5. What is k(v)?
-5
Suppose 0 = -5*m - 0*m. Let d be 112/70 - 4/(-10). Let j(v) = 3*v - 6*v + 1 - v**2 + d*v - v**3 + 1. What is j(m)?
2
Suppose 0 = -j - 2 + 4. Let o(x) = x**3 - 2*x**2 - j*x - 3*x + x**2 + 3. Give o(3).
6
Suppose -2*r - 2*h = -r - 7, 0 = 2*r - 2*h + 10. Let p(k) = 5*k + 1. Give p(r).
-4
Suppose -2*y - 2 = -2*a, 5*a - y - 1 = -0*y. Let q(s) = s - 1 + a*s - 4. Suppose 13*x - 3 - 75 = 0. Calculate q(x).
1
Let v(h) = -3*h - 5*h + 6*h + 3*h. Suppose 2*q - 4*q + 5*a = 31, -2*a = -10. Calculate v(q).
-3
Let i(d) be the third derivative of d**4/24 - d**3/6 - d**2. Calculate i(2).
1
Suppose 0 = -4*v - 5*x + 24, -2*v + x - 2 = -0*v. Let z be 1/v + 2/2. Let r(w) = 0*w - z*w + w. Determine r(-5).
5
Let v(s) = 2*s**2 - s - 1. Let i(p) = p**3 - 2*p**2 - 3. Let d be i(3). Suppose -3*o + 0*o = -d. Let u be v(o). Let z(g) = 2*g - 3. What is z(u)?
7
Let f(q) = 5*q - 2 - 2 - 7*q**2 + q**3 + 5 + 3. Give f(6).
-2
Let o be 35/28*(-4)/(-1). Let j(s) = 4*s**2 + 5*s + 2*s**3 - 1 - 10*s**2 - s**3 - 1. What is j(o)?
-2
Let m(p) = 12*p - 1. Let c(l) = l. Let h(k) = -22*c(k) + 2*m(k). Let d(w) = -4*w + 4*w - 2*w - 2*w**2 + 1. Let j be d(-2). Give h(j).
-8
Let y(t) = -2 - 6 + t**2 + 2*t**2 - t**3 + 3*t**2. Let m be -3 - -9*(-1)/(-1). What is y(m)?
-8
Suppose 3*b = 4*t - 23, 3*t - 2*b - 18 = -t. Suppose t*g - 2 = 2. Let w(i) = 0*i**2 + 4*i - 2*i**2 + 3*i**g + 3. Give w(-3).
0
Let n(u) = u**3 + u - 1. Let p(l) be the first derivative of -5*l**4/4 - l**2/2 + 2*l - 2. Let q(j) = -4*n(j) - p(j). Determine q(2).
4
Let l(r) = 5*r**2 - 17*r - 18. Let h(z) = 3*z**2 - 11*z - 12. Let x(f) = -8*h(f) + 5*l(f). Determine x(-4).
10
Suppose -s + 10 - 21 = 0. Let g = -10 - s. Let u(r) = 6*r**3 + r**2 - 1. What is u(g)?
6
Let a be (-6)/(-4)*(-4)/(-3). Let r be ((-1)/a)/(4/(-24)). Let v(b) = 3 + r - b - b. Give v(6).
-6
Let i be (-3 - -6) + -1 - 5. Let a(r) = -r**2 - 2*r + 4. Give a(i).
1
Let n(b) = b**2. Let k(d) = 3*d**3 + 3*d**2 + 4*d + 2. Let a be k(-1). What is n(a)?
4
Let g(o) = 64*o**2 - 31*o**2 + 1 - o - 34*o**2. Calculate g(-3).
-5
Suppose -1 = i, 4*i = -2*j - 7 + 1. Let c(r) = -r**2 - r. Give c(j).
0
Let p(m) be the first derivative of -m**3/3 + 4*m**2 - 6*m + 3. Let q be p(5). Suppose -5*g + 3*z - 4 = 0, 5*z = -g + q + 7. Let w(n) = -5*n. Give w(g).
-5
Let o(b) = b**3 - 11*b**2 - 12*b - 6. Let g be o(12). Let h(d) be the second derivative of d**3/6 - d**2/2 - 2*d. Give h(g).
-7
Let l(f) be the second derivative of -f**3/6 + 5*f**2/2 + 40*f. Calculate l(5).
0
Let k(c) be the first derivative of c**2/2 - 2*c - 6. Suppose -j + 5*j - 28 = 0. Suppose 4*o - 5*y = 40, 4*o + 4*y = -3 + j. Calculate k(o).
3
Suppose 0 = 3*d - 1 - 8. Let s(m) = -5*m - 3. Let g be s(-2). Let p = d - g. Let x(t) = -t**3 - 5*t**2 - 3*t + 4. Calculate x(p).
0
Let c(z) = -7*z + 1. Let d(v) = 13*v - 2. Let i = -7 - 4. Let g(u) = i*c(u) - 6*d(u). Let x = -4 - -5. What is g(x)?
0
Let w(j) = j**2 + 6*j + 7. Let u(f) be the second derivative of 5*f**3/3 + f**2/2 + 2*f. Let z be u(-1). Let v = -14 - z. Determine w(v).
2
Suppose 3 = r + 4. Let k(h) = h + 1. Let l be k(r). Let t(q) = q**2 + 11. Determine t(l).
11
Let s(i) = i + 1. Suppose -2*b + 2*h = -1 - 9, h = 4*b - 17. Let q be s(b). Let d(y) = -y**3 + 4*y**2 + 4*y + 1. What is d(q)?
-4
Let v(f) = f**3 + 7*f**2 + 6*f + 3. Let x be v(-6). Suppose -3*l = -3*b, 0 = -2*l + 5*b + x - 0. Let d(p) = -2*p + 16*p - 4*p - 8*p + 1. Give d(l).
-1
Let j(c) = -2*c. Let x(a) = a**3 + 6*a**2 - a - 5. Let p be x(-6). Calculate j(p).
-2
Let z(u) = 2*u**2 - u**3 + u**2 + 163 + 6*u - 168. Give z(4).
3
Let j(l) = 5*l**2 + 17*l + 11. Let z(r) = -3*r**2 - 11*r - 7. Let c(t) = -5*j(t) - 8*z(t). Let q = 2 - -1. Determine c(q).
1
Let q(k) = k - 1. Let t(c) = -3*c - 6. Let v(p) = 2*q(p) + t(p). Calculate v(0).
-8
Let k(t) = -5*t - 1. Let g = -102 - -101. Calculate k(g).
4
Suppose 2*h = -3*f, -1 = -3*h - 3*f + 2. Suppose 5*z + 10 = -5*v, -h*z + 0*z = -3*v - 12. Let p(o) = 2 + o + 0 - 3 + 7. Determine p(v).
3
Let x = -15 + 11. Let z(l) = l**2 - 5 + 9 + 0*l**2 + l. Let b(v) = -v**2 - 2*v - 3. Let i(r) = 4*b(r) + 3*z(r). Calculate i(x).
4
Suppose 1 = -s - 4. Let j(i) = i**2 + 8*i + 1. Determine j(s).
-14
Let b(m) = m**2 + 1. Let x(g) = g**3 - g**2 - 9*g - 1. Let l(q) = 5*b(q) - x(q). Give l(7).
20
Let n = 6 + -9. Let h = 0 - -4. Let k(t) = t**3 + 3*t**2 - 3*t - 3. Let j(d) = d**3 + 4*d**2 - 4*d - 4. Let z(a) = h*k(a) + n*j(a). Calculate z(2).
8
Let b(i) = i**2 - 6*i + 10. Let o be b(5). Let q(g) = g**2 - 3*g - 1. What is q(o)?
9
Let g(a) be the second derivative of a**3/3 + a**2 + 7*a. What is g(6)?
14
Let m(y) = 7*y**2 + 15*y + 12. Let f(o) = 13*o**2 + 29*o + 24. Let q(i) = -6*f(i) + 11*m(i). Determine q(-8).
-4
Let v be (4/(-3))/(4/(-6)). Let o(m) = -m**2 - m**3 + m**v. Let d(z) = -2*z**3 + z. Let n be d(-1). What is o(n)?
-1
Let l(i) = i**2 - 3*i + 2. Let c be 3*3*2/6. What is l(c)?
2
Suppose -7 = -6*w - 7. Let r(z) = z**3 - z**2 + 13. Give r(w).
13
Let i(v) = 9 + 0*v - 5*v - 8 + 0*v. Calculate i(-2).
11
Let f(a) = a**2 - a. Let g(s) = -4*s**2 - 3*s - 4. Let d(w) = 3*f(w) + g(w). Let p be d(-4). Let u(y) = -y**3 + 5*y**2 - 6*y + 1. What is u(p)?
-7
Suppose -6*f = -4*f - 2. Let z(k) = -4*k**2 - k + 1. What is z(f)?
-4
Let o = 3 + 2. Let c = o - 7. Let s(x) = 5*x - 2. Let w(b) = 4*b - 2. Let n(v) = 3*s(v) - 4*w(v). Calculate n(c).
4
Suppose 3*g - 5 = -d, 3*g - 2*g + 3 = -5*d. Let m(t) be the third derivative of t**3/6 - 5*t**2. Let h(p) = 8*p + 2. Let v(z) = h(z) - m(z). Give v(d).
-7
Let a be (-4)/(-6) + (-28)/(-12). Let m(g) = -5 + 9 - 2*g + a*g - 3 + g**2. Calculate m(-1).
1
Let j = 8 + -10. Let y(k) = 16*k - 1 + 9*k - 24*k. Determine y(j).
-3
Suppose 0 = -5*t + 111 - 36. Let r(c) = c**3 + c**2 - c + 10. Let l be r(0). Let n be t/l*2/(-3). Let s(h) = -3*h**2. Calculate s(n).
-3
Let c(l) = -l - 1. Let x be c(-7). Suppose -5*a + x = -9. Let i(y) = y**3 + 3*y**a - y**2 - 1 - y**2 + 3*y**2. Calculate i(1).
4
Let g be ((-2)/(-6))/(3/9). Let l(c) be the third derivative of -c**5/60 - c**4/24 + c**3/6 - 2*c**2. Determine l(g).
-1
Let n(j) = 15*j**3 - 8*j**2 + 8*j. Let y(t) = -5*t**3 + 3*t**2 - 3*t. Let x(s) = 3*n(s) + 8*y(s). Let v = 15 + -10. Suppose -u = -v*u + 4. Determine x(u).
5
Let b(x) be the second derivative of x**5/20 + 5*x**4/12 + x**3/2 - 5*x**2/2 + 34*x. What is b(-4)?
-1
Let o(u) = -u**2 - 4*u + 7. Let k = -5 + 7. Let t = -7 + k. What is o(t)?
2
Let i(p) = 4*p - 5*p**2 - p**2 - 1 + 3*p**3 - 2*p**3. What is i(5)?
-6
Let b(r) = -r**3 - 4*r**2 + r + 4. Let p be b(-4). Let h(w) = w + 4. Determine h(p).
4
Let g be -1 + 2 - 76/80. Let b(c) be the second derivative of 0*c**2 + 0 + 5/12*c**4 + 2*c + 0*c**3 + g*c**5. Determine b(-5).
0
Let m(b) = 2*b**2 - 4*b**2 + 12 + 3*b**2 + b. Let y be (0/(-2))/(8 + -10). Give m(y).
12
Let c(m) = -3*m**3 + 2*m**2 - m. Suppose 12 = 3*g - 18. Suppose -g +